{"id":61,"date":"2021-11-08T10:02:01","date_gmt":"2021-11-08T10:02:01","guid":{"rendered":"http:\/\/www.toramanlar.com.tr\/index.php\/hakkimizda\/"},"modified":"2022-04-20T10:54:07","modified_gmt":"2022-04-20T10:54:07","slug":"hakkimizda","status":"publish","type":"page","link":"http:\/\/www.toramanlar.com.tr\/index.php\/hakkimizda\/","title":{"rendered":"Hakk\u0131m\u0131zda"},"content":{"rendered":"\n    \n    <section class=\"u-align-center u-clearfix u-section-2\" id=\"sec-0c6b\">\n      <div class=\"u-clearfix u-sheet u-sheet-1\">\n        <p class=\"u-text u-text-1\">\n          <br>\n          <br>TORAMANLAR Yap\u0131 Tasar\u0131m ve \u0130n\u015faat, 2014 y\u0131l\u0131ndan beri in\u015faat sekt\u00f6r\u00fcnde faaliyet\ng\u00f6steren Ankara merkezli bir firmad\u0131r. Kurulu\u015fundan itibaren, uzman kadrosuyla,\nb\u00fcy\u00fck \u00f6l\u00e7ekli tasar\u0131m, projelendirme ve uygulama hizmetlerini bir b\u00fct\u00fcnl\u00fck\ni\u00e7inde \u00e7\u00f6z\u00fcmleyen, yarat\u0131c\u0131 fikirlerle ara\u015ft\u0131rma odakl\u0131 ve \u00e7a\u011f\u0131n ihtiya\u00e7lar\u0131n\u0131\nkar\u015f\u0131layacak uygulama deneyimlerini, ergonomik \u00e7\u00f6z\u00fcmlerle m\u00fc\u015fterilerine sunmay\u0131\nhedeflemi\u015ftir. \n        <\/p>\n      <\/div>\n    <\/section>\n    <section class=\"u-align-center u-clearfix u-section-3\" id=\"carousel_bfdb\">\n      <div class=\"u-clearfix u-sheet u-sheet-1\">\n        <h1 class=\"u-custom-font u-font-oswald u-text u-text-1\">TAKIMIMIZ<\/h1>\n        <div class=\"u-expanded-width u-list u-list-1\">\n          <div class=\"u-repeater u-repeater-1\">\n            <div class=\"u-container-style u-list-item u-repeater-item u-white u-list-item-1\">\n              <div class=\"u-container-layout u-similar-container u-valign-bottom-lg u-valign-bottom-md u-valign-bottom-xl u-container-layout-1\">\n                <div class=\"u-align-center u-container-style u-group u-white u-group-1\">\n                  <div class=\"u-container-layout u-container-layout-2\">\n                    <h4 class=\"u-text u-text-2\">Turgay Durmu\u015f<\/h4>\n                    <p class=\"u-text u-text-3\">\u0130n\u015faat M\u00fchendisi<\/p>\n                  <\/div>\n                <\/div>\n              <\/div>\n            <\/div>\n            <div class=\"u-container-style u-list-item u-repeater-item u-video-cover u-white u-list-item-2\">\n              <div class=\"u-container-layout u-similar-container u-valign-bottom-lg u-valign-bottom-md u-valign-bottom-xl u-container-layout-3\">\n                <div class=\"u-align-center u-container-style u-group u-white u-group-2\">\n                  <div class=\"u-container-layout u-container-layout-4\">\n                    <h4 class=\"u-text u-text-4\">Zafer Durmu\u015f<\/h4>\n                    <p class=\"u-text u-text-5\">\u0130\u00e7 Mimar<\/p>\n                  <\/div>\n                <\/div>\n              <\/div>\n            <\/div>\n            <div class=\"u-container-style u-list-item u-repeater-item u-video-cover u-white u-list-item-3\">\n              <div class=\"u-container-layout u-similar-container u-valign-bottom-lg u-valign-bottom-md u-valign-bottom-xl u-container-layout-5\">\n                <div class=\"u-align-center u-container-style u-group u-white u-group-3\">\n                  <div class=\"u-container-layout u-container-layout-6\">\n                    <h4 class=\"u-text u-text-6\">Murat Yumurtaci<\/h4>\n                    <p class=\"u-text u-text-7\">\u0130\u00e7 Mimar<\/p>\n                  <\/div>\n                <\/div>\n              <\/div>\n            <\/div>\n          <\/div>\n        <\/div>\n      <\/div>\n    <\/section>\n    \n    \n  \n","protected":false},"excerpt":{"rendered":"<p>TORAMANLAR Yap\u0131 Tasar\u0131m ve \u0130n\u015faat, 2014 y\u0131l\u0131ndan beri in\u015faat sekt\u00f6r\u00fcnde faaliyet g\u00f6steren Ankara merkezli bir firmad\u0131r. Kurulu\u015fundan itibaren, uzman kadrosuyla, b\u00fcy\u00fck \u00f6l\u00e7ekli tasar\u0131m, projelendirme ve uygulama hizmetlerini bir b\u00fct\u00fcnl\u00fck i\u00e7inde \u00e7\u00f6z\u00fcmleyen, yarat\u0131c\u0131 fikirlerle ara\u015ft\u0131rma odakl\u0131 ve \u00e7a\u011f\u0131n ihtiya\u00e7lar\u0131n\u0131 kar\u015f\u0131layacak uygulama deneyimlerini, ergonomik \u00e7\u00f6z\u00fcmlerle m\u00fc\u015fterilerine sunmay\u0131 hedeflemi\u015ftir. TAKIMIMIZ Turgay Durmu\u015f \u0130n\u015faat M\u00fchendisi Zafer Durmu\u015f \u0130\u00e7 Mimar &hellip; <a href=\"http:\/\/www.toramanlar.com.tr\/index.php\/hakkimizda\/\" class=\"more-link\">Continue reading<span class=\"screen-reader-text\"> &#8220;Hakk\u0131m\u0131zda&#8221;<\/span><\/a><\/p>\n","protected":false},"author":1,"featured_media":0,"parent":0,"menu_order":1,"comment_status":"closed","ping_status":"closed","template":"","meta":[],"yoast_head":"<!-- This site is optimized with the Yoast SEO plugin v17.5 - https:\/\/yoast.com\/wordpress\/plugins\/seo\/ -->\n<title>Hakk\u0131m\u0131zda - Toramanlar M&uuml;hendislik<\/title>\n<meta name=\"robots\" content=\"index, follow, max-snippet:-1, max-image-preview:large, max-video-preview:-1\" \/>\n<link rel=\"canonical\" href=\"http:\/\/www.toramanlar.com.tr\/index.php\/hakkimizda\/\" \/>\n<meta property=\"og:locale\" content=\"tr_TR\" \/>\n<meta property=\"og:type\" content=\"article\" \/>\n<meta property=\"og:title\" content=\"Hakk\u0131m\u0131zda - Toramanlar M&uuml;hendislik\" \/>\n<meta property=\"og:description\" content=\"TORAMANLAR Yap\u0131 Tasar\u0131m ve \u0130n\u015faat, 2014 y\u0131l\u0131ndan beri in\u015faat sekt\u00f6r\u00fcnde faaliyet g\u00f6steren Ankara merkezli bir firmad\u0131r. Kurulu\u015fundan itibaren, uzman kadrosuyla, b\u00fcy\u00fck \u00f6l\u00e7ekli tasar\u0131m, projelendirme ve uygulama hizmetlerini bir b\u00fct\u00fcnl\u00fck i\u00e7inde \u00e7\u00f6z\u00fcmleyen, yarat\u0131c\u0131 fikirlerle ara\u015ft\u0131rma odakl\u0131 ve \u00e7a\u011f\u0131n ihtiya\u00e7lar\u0131n\u0131 kar\u015f\u0131layacak uygulama deneyimlerini, ergonomik \u00e7\u00f6z\u00fcmlerle m\u00fc\u015fterilerine sunmay\u0131 hedeflemi\u015ftir. TAKIMIMIZ Turgay Durmu\u015f \u0130n\u015faat M\u00fchendisi Zafer Durmu\u015f \u0130\u00e7 Mimar &hellip; Continue reading &quot;Hakk\u0131m\u0131zda&quot;\" \/>\n<meta property=\"og:url\" content=\"http:\/\/www.toramanlar.com.tr\/index.php\/hakkimizda\/\" \/>\n<meta property=\"og:site_name\" content=\"Toramanlar M&uuml;hendislik\" \/>\n<meta property=\"article:modified_time\" content=\"2022-04-20T10:54:07+00:00\" \/>\n<meta name=\"twitter:card\" content=\"summary_large_image\" \/>\n<script type=\"application\/ld+json\" class=\"yoast-schema-graph\">{\"@context\":\"https:\/\/schema.org\",\"@graph\":[{\"@type\":\"Organization\",\"@id\":\"http:\/\/www.toramanlar.com.tr\/#organization\",\"name\":\"Toramanlar M\\u00fchendislik Mimarl\\u0131k \\u0130\\u00e7 mimarl\\u0131k\",\"url\":\"http:\/\/www.toramanlar.com.tr\/\",\"sameAs\":[\"https:\/\/www.instagram.com\/toramanlar_construction\/\"],\"logo\":{\"@type\":\"ImageObject\",\"@id\":\"http:\/\/www.toramanlar.com.tr\/#logo\",\"inLanguage\":\"tr\",\"url\":\"http:\/\/www.toramanlar.com.tr\/wp-content\/uploads\/2021\/11\/toramanlar-logo.png\",\"contentUrl\":\"http:\/\/www.toramanlar.com.tr\/wp-content\/uploads\/2021\/11\/toramanlar-logo.png\",\"width\":3259,\"height\":883,\"caption\":\"Toramanlar M\\u00fchendislik Mimarl\\u0131k \\u0130\\u00e7 mimarl\\u0131k\"},\"image\":{\"@id\":\"http:\/\/www.toramanlar.com.tr\/#logo\"}},{\"@type\":\"WebSite\",\"@id\":\"http:\/\/www.toramanlar.com.tr\/#website\",\"url\":\"http:\/\/www.toramanlar.com.tr\/\",\"name\":\"Toramanlar M&uuml;hendislik\",\"description\":\"Hayalden Ger&ccedil;e\\u011fe\",\"publisher\":{\"@id\":\"http:\/\/www.toramanlar.com.tr\/#organization\"},\"potentialAction\":[{\"@type\":\"SearchAction\",\"target\":{\"@type\":\"EntryPoint\",\"urlTemplate\":\"http:\/\/www.toramanlar.com.tr\/?s={search_term_string}\"},\"query-input\":\"required name=search_term_string\"}],\"inLanguage\":\"tr\"},{\"@type\":\"WebPage\",\"@id\":\"http:\/\/www.toramanlar.com.tr\/index.php\/hakkimizda\/#webpage\",\"url\":\"http:\/\/www.toramanlar.com.tr\/index.php\/hakkimizda\/\",\"name\":\"Hakk\\u0131m\\u0131zda - Toramanlar M&uuml;hendislik\",\"isPartOf\":{\"@id\":\"http:\/\/www.toramanlar.com.tr\/#website\"},\"datePublished\":\"2021-11-08T10:02:01+00:00\",\"dateModified\":\"2022-04-20T10:54:07+00:00\",\"breadcrumb\":{\"@id\":\"http:\/\/www.toramanlar.com.tr\/index.php\/hakkimizda\/#breadcrumb\"},\"inLanguage\":\"tr\",\"potentialAction\":[{\"@type\":\"ReadAction\",\"target\":[\"http:\/\/www.toramanlar.com.tr\/index.php\/hakkimizda\/\"]}]},{\"@type\":\"BreadcrumbList\",\"@id\":\"http:\/\/www.toramanlar.com.tr\/index.php\/hakkimizda\/#breadcrumb\",\"itemListElement\":[{\"@type\":\"ListItem\",\"position\":1,\"name\":\"Anasayfa\",\"item\":\"http:\/\/www.toramanlar.com.tr\/\"},{\"@type\":\"ListItem\",\"position\":2,\"name\":\"Hakk\\u0131m\\u0131zda\"}]}]}<\/script>\n<!-- \/ Yoast SEO plugin. -->","yoast_head_json":{"title":"Hakk\u0131m\u0131zda - Toramanlar M&uuml;hendislik","robots":{"index":"index","follow":"follow","max-snippet":"max-snippet:-1","max-image-preview":"max-image-preview:large","max-video-preview":"max-video-preview:-1"},"canonical":"http:\/\/www.toramanlar.com.tr\/index.php\/hakkimizda\/","og_locale":"tr_TR","og_type":"article","og_title":"Hakk\u0131m\u0131zda - Toramanlar M&uuml;hendislik","og_description":"TORAMANLAR Yap\u0131 Tasar\u0131m ve \u0130n\u015faat, 2014 y\u0131l\u0131ndan beri in\u015faat sekt\u00f6r\u00fcnde faaliyet g\u00f6steren Ankara merkezli bir firmad\u0131r. Kurulu\u015fundan itibaren, uzman kadrosuyla, b\u00fcy\u00fck \u00f6l\u00e7ekli tasar\u0131m, projelendirme ve uygulama hizmetlerini bir b\u00fct\u00fcnl\u00fck i\u00e7inde \u00e7\u00f6z\u00fcmleyen, yarat\u0131c\u0131 fikirlerle ara\u015ft\u0131rma odakl\u0131 ve \u00e7a\u011f\u0131n ihtiya\u00e7lar\u0131n\u0131 kar\u015f\u0131layacak uygulama deneyimlerini, ergonomik \u00e7\u00f6z\u00fcmlerle m\u00fc\u015fterilerine sunmay\u0131 hedeflemi\u015ftir. TAKIMIMIZ Turgay Durmu\u015f \u0130n\u015faat M\u00fchendisi Zafer Durmu\u015f \u0130\u00e7 Mimar &hellip; Continue reading \"Hakk\u0131m\u0131zda\"","og_url":"http:\/\/www.toramanlar.com.tr\/index.php\/hakkimizda\/","og_site_name":"Toramanlar M&uuml;hendislik","article_modified_time":"2022-04-20T10:54:07+00:00","twitter_card":"summary_large_image","schema":{"@context":"https:\/\/schema.org","@graph":[{"@type":"Organization","@id":"http:\/\/www.toramanlar.com.tr\/#organization","name":"Toramanlar M\u00fchendislik Mimarl\u0131k \u0130\u00e7 mimarl\u0131k","url":"http:\/\/www.toramanlar.com.tr\/","sameAs":["https:\/\/www.instagram.com\/toramanlar_construction\/"],"logo":{"@type":"ImageObject","@id":"http:\/\/www.toramanlar.com.tr\/#logo","inLanguage":"tr","url":"http:\/\/www.toramanlar.com.tr\/wp-content\/uploads\/2021\/11\/toramanlar-logo.png","contentUrl":"http:\/\/www.toramanlar.com.tr\/wp-content\/uploads\/2021\/11\/toramanlar-logo.png","width":3259,"height":883,"caption":"Toramanlar M\u00fchendislik Mimarl\u0131k \u0130\u00e7 mimarl\u0131k"},"image":{"@id":"http:\/\/www.toramanlar.com.tr\/#logo"}},{"@type":"WebSite","@id":"http:\/\/www.toramanlar.com.tr\/#website","url":"http:\/\/www.toramanlar.com.tr\/","name":"Toramanlar M&uuml;hendislik","description":"Hayalden Ger&ccedil;e\u011fe","publisher":{"@id":"http:\/\/www.toramanlar.com.tr\/#organization"},"potentialAction":[{"@type":"SearchAction","target":{"@type":"EntryPoint","urlTemplate":"http:\/\/www.toramanlar.com.tr\/?s={search_term_string}"},"query-input":"required name=search_term_string"}],"inLanguage":"tr"},{"@type":"WebPage","@id":"http:\/\/www.toramanlar.com.tr\/index.php\/hakkimizda\/#webpage","url":"http:\/\/www.toramanlar.com.tr\/index.php\/hakkimizda\/","name":"Hakk\u0131m\u0131zda - Toramanlar M&uuml;hendislik","isPartOf":{"@id":"http:\/\/www.toramanlar.com.tr\/#website"},"datePublished":"2021-11-08T10:02:01+00:00","dateModified":"2022-04-20T10:54:07+00:00","breadcrumb":{"@id":"http:\/\/www.toramanlar.com.tr\/index.php\/hakkimizda\/#breadcrumb"},"inLanguage":"tr","potentialAction":[{"@type":"ReadAction","target":["http:\/\/www.toramanlar.com.tr\/index.php\/hakkimizda\/"]}]},{"@type":"BreadcrumbList","@id":"http:\/\/www.toramanlar.com.tr\/index.php\/hakkimizda\/#breadcrumb","itemListElement":[{"@type":"ListItem","position":1,"name":"Anasayfa","item":"http:\/\/www.toramanlar.com.tr\/"},{"@type":"ListItem","position":2,"name":"Hakk\u0131m\u0131zda"}]}]}},"_links":{"self":[{"href":"http:\/\/www.toramanlar.com.tr\/index.php\/wp-json\/wp\/v2\/pages\/61"}],"collection":[{"href":"http:\/\/www.toramanlar.com.tr\/index.php\/wp-json\/wp\/v2\/pages"}],"about":[{"href":"http:\/\/www.toramanlar.com.tr\/index.php\/wp-json\/wp\/v2\/types\/page"}],"author":[{"embeddable":true,"href":"http:\/\/www.toramanlar.com.tr\/index.php\/wp-json\/wp\/v2\/users\/1"}],"replies":[{"embeddable":true,"href":"http:\/\/www.toramanlar.com.tr\/index.php\/wp-json\/wp\/v2\/comments?post=61"}],"version-history":[{"count":2,"href":"http:\/\/www.toramanlar.com.tr\/index.php\/wp-json\/wp\/v2\/pages\/61\/revisions"}],"predecessor-version":[{"id":92,"href":"http:\/\/www.toramanlar.com.tr\/index.php\/wp-json\/wp\/v2\/pages\/61\/revisions\/92"}],"wp:attachment":[{"href":"http:\/\/www.toramanlar.com.tr\/index.php\/wp-json\/wp\/v2\/media?parent=61"}],"curies":[{"name":"wp","href":"https:\/\/api.w.org\/{rel}","templated":true}]}}